 v.
2, 41
Let c be -1*3 + 30/3. Let s(h) = 2*h + 9. What are the prime factors of s(c)?
23
Let y(a) = a**2 - 7*a - 13. List the prime factors of y(-6).
5, 13
Let s(y) = 3*y**2 - 2*y + 1. Let h be s(1). Suppose 0 = h*j - 4*j + 8. Suppose 0 = 2*t - 4, -5*f + 0*f - j*t + 98 = 0. List the prime factors of f.
2, 3
Let b(k) = k**2 - 6*k - 6. Let o be b(6). Let j = 17 + o. What are the prime factors of j?
11
Suppose p + 4*w = 15, p = 4*p - 2*w - 17. Let l = p - 3. What are the prime factors of l?
2
Suppose -2*c + 1 = -1. Let i = c + 22. List the prime factors of i.
23
Let m = -4 + 6. Let t(u) be the third derivative of u**6/60 - u**5/30 + u**3/3 - 5*u**2. List the prime factors of t(m).
2, 5
Let r be (1 - 0)*(2 + 1). Let h = 5 - r. Suppose -2*b + 35 + h = i, -2*i = -2*b + 22. List the prime factors of b.
2
Let j = 54 + 29. Suppose -d - 5 = i - 19, -4*i + 5*d = -j. What are the prime factors of i?
17
Suppose -1 - 5 = 2*r. Suppose -4*k = -0*k - 44. What are the prime factors of 3*(-1)/r*k?
11
Suppose -5*q - 73 = -0*n + 2*n, -4*q = -n - 17. List the prime factors of (-2 + n)*2/(-2).
31
Suppose 507 = 5*z + 2. What are the prime factors of z?
101
List the prime factors of 9/(-54) + (-914)/(-12).
2, 19
Let f be (3 + -11)*2/(-4). Let d(l) = -l**2 + 3*l - 6. Let u be d(f). Let j = u + 21. What are the prime factors of j?
11
Let m = 279 - 191. What are the prime factors of m?
2, 11
Suppose 2*u - 16 = -2*u. Suppose v - u = 3. What are the prime factors of v?
7
Let b = 0 + 75. What are the prime factors of b?
3, 5
Let l be 7/3 - (-2)/(-6). Suppose -4 + 22 = l*f. What are the prime factors of f?
3
Suppose -w + 106 = -5*z, 4*z + 0 = -4*w - 80. Let n = 31 + z. What are the prime factors of n?
2, 5
Suppose -2*u - 7 + 47 = 0. Suppose -20 = -4*m + 4*q + u, 0 = -4*m + 2*q + 50. List the prime factors of m.
3, 5
Let t(w) be the second derivative of -w**5/20 - w**4 - 7*w**3/3 - 7*w**2/2 - 9*w. What are the prime factors of t(-11)?
2, 13
Suppose 3*c = 5*q + 727, -q + 108 = 3*c - 625. List the prime factors of c.
2, 61
Suppose -n = 27 - 6. Let l = n + 45. What are the prime factors of l?
2, 3
Let k(g) = 40*g**2 - 2*g + 3. List the prime factors of k(2).
3, 53
Let o(z) = -12*z + 3. List the prime factors of o(-5).
3, 7
Let x(s) = s**2 + 12*s - 28. What are the prime factors of x(-15)?
17
Let b(q) = -q + 7. Let u = -6 + 11. Let d be b(u). Suppose d*l = -l + 18. List the prime factors of l.
2, 3
Suppose -2*j + 4*o = -64, 4*o + 98 = -0*j + 3*j. Let x = j - 25. What are the prime factors of x?
3
Let i be ((-8)/10)/((-10)/(-25)). Let q = i + 20. What are the prime factors of q?
2, 3
Let w(q) = 6*q - 3. Let a be w(3). Let g(l) = -4*l - 1. Let d be g(-1). Suppose 5*p - a = d*k - 6, 5*p - 17 = -k. What are the prime factors of p?
3
Let d be 0*2/4*2. Suppose 3*o = 5*z - 55, 4*z - 2*z + 5*o + 9 = d. Let m = -3 + z. What are the prime factors of m?
5
Let q = 4 + -2. Suppose -b - b = 2*g - 26, 10 = q*b. What are the prime factors of g?
2
Let u be 8/(3/((-3)/(-2))). List the prime factors of 68/8 + 2/u.
3
Let t be 1576/(-44) + 8/(-44). List the prime factors of (4/3)/((-4)/t).
2, 3
Suppose w = 5*l + 3, 3*l = 4*w - w - 33. List the prime factors of w.
13
Suppose -160 = -7*z + 2*z. List the prime factors of z.
2
Let f(c) = -2 + 6*c + c + 6*c - 4*c. What are the prime factors of f(2)?
2
Let w = -23 - -27. Suppose 5*x + 3 = 5*m - 97, -5*m + w*x = -103. What are the prime factors of m?
23
Let l(w) = 2*w + 9. What are the prime factors of l(9)?
3
Suppose 3*m = -6 - 0, 0 = -5*t - 5*m + 65. Suppose 5*j - 2*j = -t. List the prime factors of -2*(0 - j/(-2)).
5
Suppose -3*u - 3*g + 10 = 1, 3*g - 6 = -2*u. Let o(w) = w**3 + 4*w**2 + 1. Let b be o(-3). Let s = u + b. What are the prime factors of s?
13
Let d(w) = 7 - w**3 + 2*w - 13 + 8 + 5*w**2. What are the prime factors of d(3)?
2, 13
Let s be -2*-31*(-2)/(-4). Let g = s - 18. What are the prime factors of g?
13
Suppose -2*p = -0*p - 308. List the prime factors of p.
2, 7, 11
Let t be -52 + -1 + 0/2. Let m = -30 - t. What are the prime factors of m?
23
Let t = 151 + -76. Suppose 5*c + 0*c - f = t, -5*c + 90 = 2*f. List the prime factors of c.
2
Suppose 38 - 158 = -5*h. Let a = 3 - -14. Let y = h - a. List the prime factors of y.
7
Suppose l + 0*l + 45 = 0. Let o = -22 - l. List the prime factors of o.
23
Suppose 1083 = 3*w + 3*r, 4*r + 271 = 2*w - 421. List the prime factors of w.
2, 89
Let u(g) = -2*g**2 - 2*g + 6. Let t be u(-5). List the prime factors of 3/(-6) + t/(-4).
2
Let r = -31 - -16. List the prime factors of 3/3 + 2 - r.
2, 3
Let h = 25 - 25. Suppose -2*t + 5*v = -40, 0*v - v - 2 = h. What are the prime factors of t?
3, 5
Let u(c) = c**2 + 4*c - 9. What are the prime factors of u(10)?
131
Let v(a) = -a**3 + 14*a**2 - 9*a. Let t be v(13). Let y = -36 + t. List the prime factors of y.
2
Let c = 61 - 16. What are the prime factors of c?
3, 5
Let b(l) be the first derivative of -l**3/3 + 4*l**2 + 5*l + 1. What are the prime factors of b(5)?
2, 5
Let o(b) = b**2 + 4*b + 4. Let m be o(-4). Suppose 3*d = 3, -4*i + m*d = -8*i + 40. List the prime factors of i.
3
Suppose w - 36 = 10. What are the prime factors of w?
2, 23
Let n(g) be the first derivative of g**2/2 + 13*g + 1. Let q be n(-11). Suppose 21 = q*x - 19. What are the prime factors of x?
2, 5
Let r = 51 - -94. List the prime factors of r.
5, 29
Let b(w) = 7*w**2 - 2*w + 2. What are the prime factors of b(4)?
2, 53
Let b = 280 - 190. List the prime factors of b.
2, 3, 5
Let m(k) be the first derivative of k**3/3 - k**2/2 - 2. List the prime factors of m(4).
2, 3
What are the prime factors of ((-3)/9)/(4/(-732))?
61
Suppose -9*u + 471 = -69. List the prime factors of u.
2, 3, 5
Let p(c) = 5*c + 2. List the prime factors of p(8).
2, 3, 7
Let g be (-1)/4 - 2/(-8). Suppose -4*o + 16 = 4*r, g = 2*o + 4*r - 7 - 1. Let x = 7 - o. What are the prime factors of x?
3
Suppose 0 = 5*c + 3 + 17. Let a be c*(-1 - (-27)/(-12)). Suppose -a = -3*b - 1. List the prime factors of b.
2
Let l(o) = -o**3 - 12*o**2 + 9*o - 15. Let x be l(-13). Suppose -3*r + 31 = 4*q - 10, 3*q - x = -r. List the prime factors of q.
2, 7
Suppose -2*h = 2, 3*d + 4*h + 180 = 5*d. List the prime factors of d.
2, 11
Let y(l) = -l**3 - 2*l**2 + 2*l + 3. Let n(a) = -a**3 + 7*a**2 - 3. Let v be n(7). List the prime factors of y(v).
2, 3
Suppose -4*s - 3*v = -35, -4*s + 4*v = 18 - 74. Suppose -3*p + x = p - s, 3 = 3*p + x. List the prime factors of p.
2
Suppose 12 = 4*v + 4*y, 0 = 2*v - y - 3 - 3. Suppose -32 - 67 = -v*w. List the prime factors of w.
3, 11
Let i = -1 + 4. Suppose 0 = i*f - 0 - 9. List the prime factors of 86/8 + f/12.
11
Suppose 0 = 2*q - 32 - 102. What are the prime factors of q?
67
List the prime factors of 3647/28 + (-2)/8.
2, 5, 13
Suppose -4*f - 109 = 3*v + 13, v + 28 = 5*f. Let y = 64 + v. What are the prime factors of y?
2, 13
Suppose 4*i = -r + 24, -3*r - 1 = -2*i - 3. Suppose -70 = -2*v + 3*g, r*v + 70 = 6*v + 5*g. Let k = -25 + v. List the prime factors of k.
2, 5
Let z be (-5)/((-10)/(-6)) - -10. Let a(r) = 0*r**3 - 6 - 6*r**2 + 2 - 5*r + r**3. List the prime factors of a(z).
2, 5
Suppose -6 = 3*h + 3. What are the prime factors of 2 + 0/(6/h)?
2
Let n(z) = z + 4. Suppose 44 = 4*l - 3*m, 2*l + 2*m - 24 = -2*l. What are the prime factors of n(l)?
2, 3
Let d(v) be the second derivative of v**5/20 + v**4/3 - v**3/3 + v**2/2 - 5*v. Let j(q) = -3*q + 2. Let g be j(2). What are the prime factors of d(g)?
3
Let j(x) = -7*x + 4. Let t be j(3). Let r = -34 - t. Let m = -10 - r. List the prime factors of m.
7
Let w(i) = 4*i**2 + i + 2. Let f be w(-2). Let x = -5 + f. List the prime factors of x.
11
Suppose -c + 0 = -h - 1, -c = 5*h - 19. What are the prime factors of -11*2/c*-4?
2, 11
What are the prime factors of 195/12 + (-2)/8?
2
Let p(j) = j**3 - 2*j**2 + 8*j + 3. Let h be p(6). Suppose h = 2*z + 3*z. What are the prime factors of z?
3, 13
What are the prime factors of -4*1*(-6 - 3 - -2)?
2, 7
Let k(s) = s. Let c be k(3). Suppose -3*p + 31 = 4*r, 2*r - c*p + 7 = -0*r. Suppose v - 25 = 2*b, 3*b - 80 = -r*v + 7*b. List the prime factors of v.
3, 5
Let n be (-6)/39 + (-2292)/(-26). Let k = n - 61. What are the prime factors of k?
3
Let j(t) = t**2 - t - 1. Let q be j(3). Suppose 0 = q*i - 8*i + 90. Suppose -